actor of 315 and r?
15
Suppose -f = 5*z - 63, 3*z - 5*z + 33 = 3*f. Calculate the highest common factor of z and 45.
3
Let i(x) = -24*x + 178. Let d be i(7). What is the highest common divisor of d and 1270?
10
Let m(u) = 2*u**3 - u**2 - 4*u + 1. Let w be m(3). Let x = 26 - w. Let b be x/(-44) + (-256)/(-44). Calculate the greatest common factor of b and 18.
6
Suppose 21 = 3*z, -5*r = -7*r - 2*z + 44. Suppose x = -4*s + 140, 5*x - 3*s = -0*x + 585. What is the highest common divisor of r and x?
15
Suppose c + t - 280 = 0, -16*c = -19*c + 2*t + 820. What is the highest common divisor of 12 and c?
12
Suppose 865 = 39*p - 1514. What is the greatest common divisor of 488 and p?
61
Suppose -q - 8 = -4*w, -2*q - 7 = -2*w + 15. Let x = q - -68. Calculate the highest common divisor of x and 14.
14
Suppose -f + 223 = i, 195 = -3*f + 5*i + 872. Calculate the highest common factor of f and 56.
56
Suppose -3*u = -36 + 6. Let q = 299 + 548. Let o be q/33 + 2/(-3). What is the greatest common divisor of o and u?
5
Suppose -4*i - 3*l = -276, 70 = i + 5*l - 16. Let a(b) = -b**3 - 38*b**2 + 77*b - 114. Let w be a(-40). What is the highest common factor of w and i?
6
Let z = 2 + -2. Suppose -d + 272 = -z*d. Suppose -21*o + 23*o = -3*j + 59, -142 = -4*o + 2*j. What is the highest common divisor of o and d?
34
Suppose -485*j + 496*j = 55. What is the highest common factor of 125 and j?
5
Suppose y + 14 - 17 = 0. Let c(n) = 2*n**2 + 3*n - 5. Suppose -23 = 5*t - 3. Let q be c(t). Calculate the greatest common divisor of y and q.
3
Suppose 22*a - 17*a - 95 = 0. Let f = 2213 + -1377. Suppose -2*g = -6*g + f. What is the greatest common factor of a and g?
19
Suppose 0 = -2*y + 3*n + 60, -5*n + 0*n + 200 = 5*y. What is the highest common divisor of 168 and y?
12
Suppose 244 = 15*y - 116. What is the highest common factor of y and 204?
12
Suppose -4*s + 3*s = r - 54, -3*r = 0. Let d = s + -34. What is the highest common divisor of 160 and d?
20
Suppose 4*n + 4*g - 128 = 0, 2*n - 5*g - 81 = -31. Suppose n = -4*w + 206. Calculate the greatest common divisor of w and 4.
4
Let b(a) = a**3 + 3*a**2 - 3*a - 3. Let u be b(-2). Let l be 6/4*(-4 - -2). Let w = l - -10. Calculate the highest common divisor of w and u.
7
Suppose -14 = -0*b - 2*b. Let y = -210 - -245. What is the highest common divisor of b and y?
7
Let w be 3475/(-35) + -4 - 2/(-7). Let k = w + 233. What is the greatest common factor of k and 26?
26
Let i = -115 - -152. Calculate the highest common factor of i and 333.
37
Let d be 5*(0 + (-66)/(-15)). Suppose -2*p + 16 = -d. What is the greatest common factor of p and 95?
19
Suppose 17 + 79 = -4*z. Let i be (z - 6)*(-4)/2. What is the highest common divisor of i and 15?
15
Let l be (1 + 0)*5*1. Let x(j) = -j**2 + 3*j + 11. Let w be x(l). Let p be w/((-58)/(-14) + -4). Calculate the highest common divisor of p and 77.
7
Let f = 854 - 827. What is the highest common factor of 27 and f?
27
Let m(j) = -2*j + 76. Let x be m(18). Calculate the highest common factor of 136 and x.
8
Let h(v) = v**3 + 11*v**2 - 24*v + 24. Let q be h(-11). Calculate the greatest common divisor of 18 and q.
18
Suppose 42 - 12 = 5*j. Suppose -j*y - 3*y = -54. Suppose -5*w + 4*n = -228, -4*w + 5*n - 63 = -5*w. What is the greatest common divisor of y and w?
6
Suppose b + 1 - 24 = -2*l, 0 = -3*b - 5*l + 64. Let r = b + -9. Suppose -y = r*y - 40. Calculate the greatest common divisor of y and 8.
8
Let l(u) = u**3 - 4*u**2 - u. Let b be l(5). Let k be 1128/b + 2/(-5). Let c be (29/87)/((-1)/(-21)). What is the highest common factor of k and c?
7
Let s be (96/(-18))/(1/(-6)). Suppose 5*l - 5*b = 1255, 8*l - 7*l + 2*b = 266. What is the highest common factor of l and s?
32
Suppose 2*q = -28 + 34. Suppose 4*f - 3*f + 5*y - 23 = 0, -126 = -4*f - q*y. Calculate the highest common factor of 11 and f.
11
Let g be -2 + (-42)/(-24) + (-12)/(-64)*12. Let k = 1 + 3. Calculate the greatest common divisor of g and k.
2
Let v = 1 - -57. Suppose -4 = u, 4*u - u = -5*l + v. Let q be (-30)/(-4) - (-2)/(-4). What is the greatest common factor of l and q?
7
Suppose 2*i - 42 + 32 = 0. Suppose -5*o - g = -168, -i*o + 178 = 4*g + 16. What is the greatest common divisor of o and 17?
17
Let a be (-8)/(-12) + (-17)/3. Suppose -3*x + 25 = -2. Let k = x + a. What is the highest common divisor of 6 and k?
2
Let w(u) = -u**3 - 20*u**2 + 22*u + 33. Let t be w(-21). Calculate the highest common divisor of t and 48.
12
Let c = -6138 - -6146. Suppose 0 = -4*t + i + 34, 3*i - 2*i - 14 = -2*t. Calculate the highest common divisor of t and c.
8
Suppose 2*u + 2*u - 5*q - 28 = 0, 2*q = 0. Suppose -y - y + 70 = 0. What is the highest common divisor of y and u?
7
Let n(s) = 4*s**2 + 17*s + 18. Let t be n(-4). What is the highest common factor of 4 and t?
2
Let j be -2 - ((-124 - -1) + 22 + -25). What is the highest common divisor of 186 and j?
62
Let f be (-9)/6*(-8)/6. Let c be ((-10)/(-30))/(f/36). Suppose c = 3*z, z + 32 = 4*b - 30. What is the greatest common factor of b and 40?
8
Let m = -53 - -61. Calculate the highest common divisor of m and 488.
8
Let z(u) = 3*u**2 - 9*u - 4. Let s be z(11). Calculate the highest common factor of s and 60.
20
Let x(b) = b**2 - 7*b + 8. Let a(r) = r**2 - 11*r - 21. Let s be a(12). Let u be x(s). Calculate the greatest common divisor of u and 8.
8
Suppose -2*l = -u - 21, 4*u - l + 75 = -2*l. Let q = u - -26. What is the greatest common factor of 1 and q?
1
Let s(a) = a**3 + 17*a**2 + 7*a + 2. Let w be s(-17). Let v = w + 167. Let j = 19 + -9. What is the highest common divisor of v and j?
10
Suppose -3*h + 2*j + 14 = -9, -6 = 2*h + 4*j. Suppose h*o + 305 = 4*s - 299, 0 = -2*o - 8. Let y = s + -83. What is the highest common factor of 42 and y?
21
Suppose -a - 490 = -5*z, 4*a + 49 = 2*z - 147. Calculate the highest common divisor of 539 and z.
49
Let u = -163 + 88. Let v be (8/(-6))/(10/u). Suppose 9*l + 28 = 118. What is the highest common divisor of l and v?
10
Let j = 93 - 21. Let d(o) = -20*o + 8. Let s be d(-2). Calculate the highest common divisor of j and s.
24
Let a be 40/(480/(-26))*(0 - 6). Suppose -g + 5 = 1. Suppose 103 = g*x - 261. Calculate the highest common divisor of x and a.
13
Suppose -3*x - 4 = -22. Let q(g) = g**3 - 2*g**2 - 7*g - 3. Let t be q(x). Calculate the highest common factor of 11 and t.
11
Suppose 21*s = -3*y + 23*s + 305, 2*s + 107 = y. Calculate the highest common divisor of y and 55.
11
Let z be (-4)/4 + 1 - -9. Let o = z + 2. What is the highest common divisor of 33 and o?
11
Let h = 359 + -353. Calculate the greatest common divisor of 88 and h.
2
Suppose 3*a = g - 37, 36 = 3*g - 4*a - 100. Let q = -25804 - -25895. What is the highest common divisor of g and q?
13
Suppose 2*r - 286 - 112 = 0. Let y = -129 + r. Suppose 9*t = 4*t + 50. Calculate the greatest common factor of y and t.
10
Suppose y + 54 = -5*y. Let s(n) = 2*n**2 + 17*n - 1. Let v be s(y). Calculate the highest common factor of 32 and v.
8
Suppose -55*v + 2184 = -48*v. Calculate the greatest common divisor of 264 and v.
24
Let y be (-9121)/(-105) + 2/15 + -3. Calculate the greatest common factor of 36 and y.
12
Suppose 12 = -n - 8. Let r be (8/n)/(3/(-45)). Suppose r*v = 2*v + 8. What is the highest common factor of 6 and v?
2
Let h = -802 - -1262. Suppose 5*q + 5*w - h = 0, -46 - 126 = -2*q + w. What is the highest common divisor of 22 and q?
22
Suppose -4476 = -20*s - 396. What is the greatest common factor of s and 48?
12
Let d(s) = s**2 + 19*s - 15. Let h be d(-23). What is the greatest common divisor of h and 99?
11
Suppose -4*p + 2*n + 166 = 0, -3*n = -p - 4*n + 34. Let g be 103/2 - 6/(-12). What is the highest common divisor of p and g?
13
Suppose -30*t + 25957 = 937. Calculate the greatest common factor of t and 6.
6
Suppose 9 = 4*z - o, -4*o + 5*o = -5*z + 18. What is the highest common factor of z and 2?
1
Suppose -3 = -2*t + 5. Suppose -q + 15 = 3*v - t*q, 0 = -5*q. Suppose -v*a - 33 = -233. What is the greatest common divisor of a and 10?
10
Let i be (2 + 18/(-5))/((-4)/10). Let o be 2/3*(178/4 - i). Calculate the greatest common divisor of o and 81.
27
Suppose 3*l - 177 = -2*g, 4*g + 165 - 31 = 2*l. Calculate the highest common factor of l and 61.
61
Let o be (2/6)/(2/(-18)). Let h b